{"id":27,"date":"2026-01-09T15:00:35","date_gmt":"2026-01-09T15:00:35","guid":{"rendered":"https:\/\/wegong.it\/?page_id=27"},"modified":"2026-01-13T10:47:04","modified_gmt":"2026-01-13T10:47:04","slug":"homepage","status":"publish","type":"page","link":"https:\/\/wegong.it\/","title":{"rendered":"Homepage"},"content":{"rendered":"\t\t<div data-elementor-type=\"wp-page\" data-elementor-id=\"27\" class=\"elementor elementor-27\" data-elementor-post-type=\"page\">\n\t\t\t\t<div class=\"elementor-element elementor-element-1a20797 e-con-full e-flex e-con e-parent\" data-id=\"1a20797\" data-element_type=\"container\" data-settings=\"{&quot;background_background&quot;:&quot;classic&quot;}\">\n\t\t\t\t<div class=\"elementor-element elementor-element-c0c1feb elementor-widget elementor-widget-heading\" data-id=\"c0c1feb\" data-element_type=\"widget\" data-widget_type=\"heading.default\">\n\t\t\t\t\t<h1 class=\"elementor-heading-title elementor-size-default\"><strong>Oltre il Welfare<\/strong><\/h1>\t\t\t\t<\/div>\n\t\t\t\t<div class=\"elementor-element elementor-element-6057b0b elementor-widget elementor-widget-text-editor\" data-id=\"6057b0b\" data-element_type=\"widget\" data-widget_type=\"text-editor.default\">\n\t\t\t\t\t\t\t\t\t<h4><span class=\"a_GcMg font-feature-liga-off font-feature-clig-off font-feature-calt-off text-decoration-none text-strikethrough-none\">impresa, persone, territorio<\/span><\/h4>\t\t\t\t\t\t\t\t<\/div>\n\t\t\t\t<div class=\"elementor-element elementor-element-599e4ca elementor-widget elementor-widget-spacer\" data-id=\"599e4ca\" data-element_type=\"widget\" data-widget_type=\"spacer.default\">\n\t\t\t\t\t\t\t<div class=\"elementor-spacer\">\n\t\t\t<div class=\"elementor-spacer-inner\"><\/div>\n\t\t<\/div>\n\t\t\t\t\t\t<\/div>\n\t\t\t\t<\/div>\n\t\t<div class=\"elementor-element elementor-element-0712778 e-flex e-con-boxed e-con e-parent\" data-id=\"0712778\" data-element_type=\"container\">\n\t\t\t\t\t<div class=\"e-con-inner\">\n\t\t<div class=\"elementor-element elementor-element-e3fdb8c e-con-full e-flex e-con e-child\" data-id=\"e3fdb8c\" data-element_type=\"container\">\n\t\t\t\t<div class=\"elementor-element elementor-element-7e4d3d8 elementor-widget elementor-widget-text-editor\" data-id=\"7e4d3d8\" data-element_type=\"widget\" data-widget_type=\"text-editor.default\">\n\t\t\t\t\t\t\t\t\t<h4><span class=\"a_GcMg font-feature-liga-off font-feature-clig-off font-feature-calt-off text-decoration-none text-strikethrough-none\">azioni che risuonano<\/span><\/h4>\t\t\t\t\t\t\t\t<\/div>\n\t\t\t\t<div class=\"elementor-element elementor-element-9acff3e elementor-widget__width-initial elementor-widget elementor-widget-heading\" data-id=\"9acff3e\" data-element_type=\"widget\" data-widget_type=\"heading.default\">\n\t\t\t\t\t<h2 class=\"elementor-heading-title elementor-size-default\"><b>WeGong<\/b> \u00e8 la risposta alla nuova sfida delle imprese: creare valore condiviso<\/h2>\t\t\t\t<\/div>\n\t\t\t\t<\/div>\n\t\t<div class=\"elementor-element elementor-element-6e418b1 e-con-full e-flex e-con e-child\" data-id=\"6e418b1\" data-element_type=\"container\">\n\t\t\t\t<div class=\"elementor-element elementor-element-70c5f4a elementor-widget elementor-widget-text-editor\" data-id=\"70c5f4a\" data-element_type=\"widget\" data-widget_type=\"text-editor.default\">\n\t\t\t\t\t\t\t\t\t<p>Come il suono di un gong che si propaga nello spazio, le azioni che hanno una ricaduta sociale si diffondono e lasciano un segno, influenzando il contesto in cui viviamo \u2014 le persone, le aziende, il territorio.<\/p><p>La filosofia di WeGong si basa sul concetto di far risuonare l\u2019impatto positivo, creando sinergie per generare un cambiamento significativo e duraturo.<\/p><p>Ogni azione viene progettata per risuonare davvero, con la giusta intensit\u00e0 e direzione.<br \/>Perch\u00e9 solo ci\u00f2 che vibra in sintonia con i valori di chi lo realizza pu\u00f2 espandersi e generare cambiamento.<\/p>\t\t\t\t\t\t\t\t<\/div>\n\t\t\t\t<\/div>\n\t\t\t\t\t<\/div>\n\t\t\t\t<\/div>\n\t\t<div class=\"elementor-element elementor-element-8c71b14 e-flex e-con-boxed e-con e-parent\" data-id=\"8c71b14\" data-element_type=\"container\">\n\t\t\t\t\t<div class=\"e-con-inner\">\n\t\t<div class=\"elementor-element elementor-element-9c5350a e-con-full e-flex e-con e-child\" data-id=\"9c5350a\" data-element_type=\"container\">\n\t\t\t\t<div class=\"elementor-element elementor-element-ce9221b elementor-widget elementor-widget-text-editor\" data-id=\"ce9221b\" data-element_type=\"widget\" data-widget_type=\"text-editor.default\">\n\t\t\t\t\t\t\t\t\t<h4><span class=\"a_GcMg font-feature-liga-off font-feature-clig-off font-feature-calt-off text-decoration-none text-strikethrough-none\">rete di partnership e territorio<\/span><\/h4>\t\t\t\t\t\t\t\t<\/div>\n\t\t\t\t<div class=\"elementor-element elementor-element-4b2ddd8 elementor-widget elementor-widget-text-editor\" data-id=\"4b2ddd8\" data-element_type=\"widget\" data-widget_type=\"text-editor.default\">\n\t\t\t\t\t\t\t\t\tLa creazione di reti solide con associazioni, cooperative e enti locali \u00e8 fondamentale per amplificare l&#8217;impatto sociale e realizzare progetti sostenibili che favoriscano il benessere collettivo.\t\t\t\t\t\t\t\t<\/div>\n\t\t\t\t<\/div>\n\t\t<div class=\"elementor-element elementor-element-88f0868 e-con-full e-flex e-con e-child\" data-id=\"88f0868\" data-element_type=\"container\">\n\t\t\t\t<div class=\"elementor-element elementor-element-92bbf6c elementor-widget elementor-widget-image\" data-id=\"92bbf6c\" data-element_type=\"widget\" data-widget_type=\"image.default\">\n\t\t\t\t\t\t\t\t\t\t\t\t\t\t\t<img fetchpriority=\"high\" decoding=\"async\" width=\"1024\" height=\"550\" src=\"https:\/\/wegong.it\/wp-content\/uploads\/2026\/01\/percorsi-1024x550.jpeg\" class=\"attachment-large size-large wp-image-95\" alt=\"\" srcset=\"https:\/\/wegong.it\/wp-content\/uploads\/2026\/01\/percorsi-1024x550.jpeg 1024w, https:\/\/wegong.it\/wp-content\/uploads\/2026\/01\/percorsi-300x161.jpeg 300w, https:\/\/wegong.it\/wp-content\/uploads\/2026\/01\/percorsi-768x412.jpeg 768w, https:\/\/wegong.it\/wp-content\/uploads\/2026\/01\/percorsi.jpeg 1436w\" sizes=\"(max-width: 1024px) 100vw, 1024px\" \/>\t\t\t\t\t\t\t\t\t\t\t\t\t\t\t<\/div>\n\t\t\t\t<\/div>\n\t\t\t\t\t<\/div>\n\t\t\t\t<\/div>\n\t\t<div class=\"elementor-element elementor-element-8582c50 e-flex e-con-boxed e-con e-parent\" data-id=\"8582c50\" data-element_type=\"container\" data-settings=\"{&quot;background_background&quot;:&quot;classic&quot;}\">\n\t\t\t\t\t<div class=\"e-con-inner\">\n\t\t<div class=\"elementor-element elementor-element-84d160b e-con-full e-flex e-con e-child\" data-id=\"84d160b\" data-element_type=\"container\">\n\t\t\t\t<div class=\"elementor-element elementor-element-583dda1 elementor-widget elementor-widget-image\" data-id=\"583dda1\" data-element_type=\"widget\" data-widget_type=\"image.default\">\n\t\t\t\t\t\t\t\t\t\t\t\t\t\t\t<img decoding=\"async\" width=\"625\" height=\"663\" src=\"https:\/\/wegong.it\/wp-content\/uploads\/2026\/01\/WeGong-CSR-Roll-Out-8.png\" class=\"attachment-large size-large wp-image-262\" alt=\"\" srcset=\"https:\/\/wegong.it\/wp-content\/uploads\/2026\/01\/WeGong-CSR-Roll-Out-8.png 625w, https:\/\/wegong.it\/wp-content\/uploads\/2026\/01\/WeGong-CSR-Roll-Out-8-283x300.png 283w\" sizes=\"(max-width: 625px) 100vw, 625px\" \/>\t\t\t\t\t\t\t\t\t\t\t\t\t\t\t<\/div>\n\t\t\t\t<\/div>\n\t\t<div class=\"elementor-element elementor-element-ba76d77 e-con-full e-flex e-con e-child\" data-id=\"ba76d77\" data-element_type=\"container\">\n\t\t\t\t<div class=\"elementor-element elementor-element-25548f8 elementor-widget elementor-widget-image\" data-id=\"25548f8\" data-element_type=\"widget\" data-widget_type=\"image.default\">\n\t\t\t\t\t\t\t\t\t\t\t\t\t\t\t<img decoding=\"async\" width=\"908\" height=\"557\" src=\"https:\/\/wegong.it\/wp-content\/uploads\/2026\/01\/WeGong_grafico.png\" class=\"attachment-full size-full wp-image-215\" alt=\"\" srcset=\"https:\/\/wegong.it\/wp-content\/uploads\/2026\/01\/WeGong_grafico.png 908w, https:\/\/wegong.it\/wp-content\/uploads\/2026\/01\/WeGong_grafico-300x184.png 300w, https:\/\/wegong.it\/wp-content\/uploads\/2026\/01\/WeGong_grafico-768x471.png 768w, https:\/\/wegong.it\/wp-content\/uploads\/2026\/01\/elementor\/thumbs\/WeGong_grafico-rhjp4blb72yksha4qbim5onff9idv15dtpsx6hi1ha.png 500w\" sizes=\"(max-width: 908px) 100vw, 908px\" \/>\t\t\t\t\t\t\t\t\t\t\t\t\t\t\t<\/div>\n\t\t\t\t<\/div>\n\t\t\t\t\t<\/div>\n\t\t\t\t<\/div>\n\t\t<div class=\"elementor-element elementor-element-7a6584d e-flex e-con-boxed e-con e-parent\" data-id=\"7a6584d\" data-element_type=\"container\">\n\t\t\t\t\t<div class=\"e-con-inner\">\n\t\t<div class=\"elementor-element elementor-element-7e889f3 e-con-full e-flex e-con e-child\" data-id=\"7e889f3\" data-element_type=\"container\">\n\t\t\t\t<div class=\"elementor-element elementor-element-a15add4 elementor-widget elementor-widget-text-editor\" data-id=\"a15add4\" data-element_type=\"widget\" data-widget_type=\"text-editor.default\">\n\t\t\t\t\t\t\t\t\t<h4><span class=\"a_GcMg font-feature-liga-off font-feature-clig-off font-feature-calt-off text-decoration-none text-strikethrough-none\">azioni concrete<\/span><\/h4>\t\t\t\t\t\t\t\t<\/div>\n\t\t\t\t<div class=\"elementor-element elementor-element-dfe2000 elementor-icon-list--layout-traditional elementor-list-item-link-full_width elementor-widget elementor-widget-icon-list\" data-id=\"dfe2000\" data-element_type=\"widget\" data-widget_type=\"icon-list.default\">\n\t\t\t\t\t\t\t<ul class=\"elementor-icon-list-items\">\n\t\t\t\t\t\t\t<li class=\"elementor-icon-list-item\">\n\t\t\t\t\t\t\t\t\t\t\t<span class=\"elementor-icon-list-icon\">\n\t\t\t\t\t\t\t<svg aria-hidden=\"true\" class=\"e-font-icon-svg e-fas-check\" viewBox=\"0 0 512 512\" xmlns=\"http:\/\/www.w3.org\/2000\/svg\"><path d=\"M173.898 439.404l-166.4-166.4c-9.997-9.997-9.997-26.206 0-36.204l36.203-36.204c9.997-9.998 26.207-9.998 36.204 0L192 312.69 432.095 72.596c9.997-9.997 26.207-9.997 36.204 0l36.203 36.204c9.997 9.997 9.997 26.206 0 36.204l-294.4 294.401c-9.998 9.997-26.207 9.997-36.204-.001z\"><\/path><\/svg>\t\t\t\t\t\t<\/span>\n\t\t\t\t\t\t\t\t\t\t<span class=\"elementor-icon-list-text\">Percorsi di parit\u00e0 di genere e diversity management<\/span>\n\t\t\t\t\t\t\t\t\t<\/li>\n\t\t\t\t\t\t\t\t<li class=\"elementor-icon-list-item\">\n\t\t\t\t\t\t\t\t\t\t\t<span class=\"elementor-icon-list-icon\">\n\t\t\t\t\t\t\t<svg aria-hidden=\"true\" class=\"e-font-icon-svg e-fas-check\" viewBox=\"0 0 512 512\" xmlns=\"http:\/\/www.w3.org\/2000\/svg\"><path d=\"M173.898 439.404l-166.4-166.4c-9.997-9.997-9.997-26.206 0-36.204l36.203-36.204c9.997-9.998 26.207-9.998 36.204 0L192 312.69 432.095 72.596c9.997-9.997 26.207-9.997 36.204 0l36.203 36.204c9.997 9.997 9.997 26.206 0 36.204l-294.4 294.401c-9.998 9.997-26.207 9.997-36.204-.001z\"><\/path><\/svg>\t\t\t\t\t\t<\/span>\n\t\t\t\t\t\t\t\t\t\t<span class=\"elementor-icon-list-text\">Progetti per favorire l\u2019inserimento lavorativo di persone fragili <\/span>\n\t\t\t\t\t\t\t\t\t<\/li>\n\t\t\t\t\t\t\t\t<li class=\"elementor-icon-list-item\">\n\t\t\t\t\t\t\t\t\t\t\t<span class=\"elementor-icon-list-icon\">\n\t\t\t\t\t\t\t<svg aria-hidden=\"true\" class=\"e-font-icon-svg e-fas-check\" viewBox=\"0 0 512 512\" xmlns=\"http:\/\/www.w3.org\/2000\/svg\"><path d=\"M173.898 439.404l-166.4-166.4c-9.997-9.997-9.997-26.206 0-36.204l36.203-36.204c9.997-9.998 26.207-9.998 36.204 0L192 312.69 432.095 72.596c9.997-9.997 26.207-9.997 36.204 0l36.203 36.204c9.997 9.997 9.997 26.206 0 36.204l-294.4 294.401c-9.998 9.997-26.207 9.997-36.204-.001z\"><\/path><\/svg>\t\t\t\t\t\t<\/span>\n\t\t\t\t\t\t\t\t\t\t<span class=\"elementor-icon-list-text\">Laboratori territoriali su benessere, genitorialit\u00e0 e conciliazione <\/span>\n\t\t\t\t\t\t\t\t\t<\/li>\n\t\t\t\t\t\t\t\t<li class=\"elementor-icon-list-item\">\n\t\t\t\t\t\t\t\t\t\t\t<span class=\"elementor-icon-list-icon\">\n\t\t\t\t\t\t\t<svg aria-hidden=\"true\" class=\"e-font-icon-svg e-fas-check\" viewBox=\"0 0 512 512\" xmlns=\"http:\/\/www.w3.org\/2000\/svg\"><path d=\"M173.898 439.404l-166.4-166.4c-9.997-9.997-9.997-26.206 0-36.204l36.203-36.204c9.997-9.998 26.207-9.998 36.204 0L192 312.69 432.095 72.596c9.997-9.997 26.207-9.997 36.204 0l36.203 36.204c9.997 9.997 9.997 26.206 0 36.204l-294.4 294.401c-9.998 9.997-26.207 9.997-36.204-.001z\"><\/path><\/svg>\t\t\t\t\t\t<\/span>\n\t\t\t\t\t\t\t\t\t\t<span class=\"elementor-icon-list-text\">Campagne di comunicazione<\/span>\n\t\t\t\t\t\t\t\t\t<\/li>\n\t\t\t\t\t\t\t\t<li class=\"elementor-icon-list-item\">\n\t\t\t\t\t\t\t\t\t\t\t<span class=\"elementor-icon-list-icon\">\n\t\t\t\t\t\t\t<svg aria-hidden=\"true\" class=\"e-font-icon-svg e-fas-check\" viewBox=\"0 0 512 512\" xmlns=\"http:\/\/www.w3.org\/2000\/svg\"><path d=\"M173.898 439.404l-166.4-166.4c-9.997-9.997-9.997-26.206 0-36.204l36.203-36.204c9.997-9.998 26.207-9.998 36.204 0L192 312.69 432.095 72.596c9.997-9.997 26.207-9.997 36.204 0l36.203 36.204c9.997 9.997 9.997 26.206 0 36.204l-294.4 294.401c-9.998 9.997-26.207 9.997-36.204-.001z\"><\/path><\/svg>\t\t\t\t\t\t<\/span>\n\t\t\t\t\t\t\t\t\t\t<span class=\"elementor-icon-list-text\">Volontariato aziendale<\/span>\n\t\t\t\t\t\t\t\t\t<\/li>\n\t\t\t\t\t\t<\/ul>\n\t\t\t\t\t\t<\/div>\n\t\t\t\t<\/div>\n\t\t<div class=\"elementor-element elementor-element-c746037 e-con-full e-flex e-con e-child\" data-id=\"c746037\" data-element_type=\"container\">\n\t\t\t\t<div class=\"elementor-element elementor-element-da63878 elementor-widget elementor-widget-image\" data-id=\"da63878\" data-element_type=\"widget\" data-widget_type=\"image.default\">\n\t\t\t\t\t\t\t\t\t\t\t\t\t\t\t<img loading=\"lazy\" decoding=\"async\" width=\"553\" height=\"476\" src=\"https:\/\/wegong.it\/wp-content\/uploads\/2026\/01\/WeGong-CSR-Roll-Out-1.jpg\" class=\"attachment-large size-large wp-image-104\" alt=\"\" srcset=\"https:\/\/wegong.it\/wp-content\/uploads\/2026\/01\/WeGong-CSR-Roll-Out-1.jpg 553w, https:\/\/wegong.it\/wp-content\/uploads\/2026\/01\/WeGong-CSR-Roll-Out-1-300x258.jpg 300w\" sizes=\"(max-width: 553px) 100vw, 553px\" \/>\t\t\t\t\t\t\t\t\t\t\t\t\t\t\t<\/div>\n\t\t\t\t<\/div>\n\t\t\t\t\t<\/div>\n\t\t\t\t<\/div>\n\t\t<div class=\"elementor-element elementor-element-76edb76 e-flex e-con-boxed e-con e-parent\" data-id=\"76edb76\" data-element_type=\"container\">\n\t\t\t\t\t<div class=\"e-con-inner\">\n\t\t\t\t<div class=\"elementor-element elementor-element-ff95ec0 elementor-widget elementor-widget-image\" data-id=\"ff95ec0\" data-element_type=\"widget\" data-widget_type=\"image.default\">\n\t\t\t\t\t\t\t\t\t\t\t\t\t\t\t<img loading=\"lazy\" decoding=\"async\" width=\"300\" height=\"159\" src=\"https:\/\/wegong.it\/wp-content\/uploads\/2026\/01\/WeGong_logo-footer-300x159.jpg\" class=\"attachment-medium size-medium wp-image-237\" alt=\"\" srcset=\"https:\/\/wegong.it\/wp-content\/uploads\/2026\/01\/WeGong_logo-footer-300x159.jpg 300w, https:\/\/wegong.it\/wp-content\/uploads\/2026\/01\/WeGong_logo-footer.jpg 546w\" sizes=\"(max-width: 300px) 100vw, 300px\" \/>\t\t\t\t\t\t\t\t\t\t\t\t\t\t\t<\/div>\n\t\t\t\t\t<\/div>\n\t\t\t\t<\/div>\n\t\t\t\t<\/div>\n\t\t","protected":false},"excerpt":{"rendered":"<p>Oltre il Welfare impresa, persone, territorio azioni che risuonano WeGong \u00e8 la risposta alla nuova sfida delle imprese: creare valore condiviso Come il suono di un gong che si propaga nello spazio, le azioni che hanno una ricaduta sociale si diffondono e lasciano un segno, influenzando il contesto in cui viviamo \u2014 le persone, le [&hellip;]<\/p>\n","protected":false},"author":1,"featured_media":0,"parent":0,"menu_order":0,"comment_status":"closed","ping_status":"closed","template":"","meta":{"footnotes":""},"class_list":["post-27","page","type-page","status-publish","hentry"],"_links":{"self":[{"href":"https:\/\/wegong.it\/index.php?rest_route=\/wp\/v2\/pages\/27","targetHints":{"allow":["GET"]}}],"collection":[{"href":"https:\/\/wegong.it\/index.php?rest_route=\/wp\/v2\/pages"}],"about":[{"href":"https:\/\/wegong.it\/index.php?rest_route=\/wp\/v2\/types\/page"}],"author":[{"embeddable":true,"href":"https:\/\/wegong.it\/index.php?rest_route=\/wp\/v2\/users\/1"}],"replies":[{"embeddable":true,"href":"https:\/\/wegong.it\/index.php?rest_route=%2Fwp%2Fv2%2Fcomments&post=27"}],"version-history":[{"count":145,"href":"https:\/\/wegong.it\/index.php?rest_route=\/wp\/v2\/pages\/27\/revisions"}],"predecessor-version":[{"id":355,"href":"https:\/\/wegong.it\/index.php?rest_route=\/wp\/v2\/pages\/27\/revisions\/355"}],"wp:attachment":[{"href":"https:\/\/wegong.it\/index.php?rest_route=%2Fwp%2Fv2%2Fmedia&parent=27"}],"curies":[{"name":"wp","href":"https:\/\/api.w.org\/{rel}","templated":true}]}}